{"id":1556,"date":"2023-12-06T12:10:55","date_gmt":"2023-12-06T12:10:55","guid":{"rendered":"https:\/\/projects.history.qmul.ac.uk\/cerees\/?page_id=1556"},"modified":"2023-12-06T12:29:35","modified_gmt":"2023-12-06T12:29:35","slug":"cerees-collaborations","status":"publish","type":"page","link":"https:\/\/projects.history.qmul.ac.uk\/cerees\/cerees-collaborations\/","title":{"rendered":"CEREES Call for Papers &#8212;"},"content":{"rendered":"<h1><\/h1>\n<p>&nbsp;<\/p>\n<h1 style=\"text-align: left\"><span style=\"color: #000080\">Images of the Ideal. Evald Ilyenkov at 100<\/span><\/h1>\n<p>&nbsp;<\/p>\n<p><img loading=\"lazy\" decoding=\"async\" class=\"wp-image-1553 aligncenter\" src=\"https:\/\/projects.history.qmul.ac.uk\/cerees\/wp-content\/uploads\/sites\/45\/2023\/12\/kopfbild_images-of-the-ideal-89d2a516-300x103.jpeg\" alt=\"\" width=\"1030\" height=\"353\" srcset=\"https:\/\/projects.history.qmul.ac.uk\/cerees\/wp-content\/uploads\/sites\/45\/2023\/12\/kopfbild_images-of-the-ideal-89d2a516-300x103.jpeg 300w, https:\/\/projects.history.qmul.ac.uk\/cerees\/wp-content\/uploads\/sites\/45\/2023\/12\/kopfbild_images-of-the-ideal-89d2a516-1024x350.jpeg 1024w, https:\/\/projects.history.qmul.ac.uk\/cerees\/wp-content\/uploads\/sites\/45\/2023\/12\/kopfbild_images-of-the-ideal-89d2a516-768x263.jpeg 768w, https:\/\/projects.history.qmul.ac.uk\/cerees\/wp-content\/uploads\/sites\/45\/2023\/12\/kopfbild_images-of-the-ideal-89d2a516.jpeg 1100w\" sizes=\"auto, (max-width: 1030px) 100vw, 1030px\" \/><\/p>\n<div class=\"field meldung_text\">\n<p><span class=\"text longtext\"><strong>International conference, May 16\u201317, 2024,\u00a0<\/strong><\/span><\/p>\n<p><span class=\"text longtext\"><strong><span style=\"color: #000000\">Venue<\/span>:<span style=\"color: #000080\"> <a style=\"color: #000080\" href=\"https:\/\/www.zfl-berlin.org\/news-detail\/call-for-papers-images-of-the-ideal.html\">Leibniz-Zentrum f\u00fcr Literatur- und Kulturforschung <\/a><\/span><\/strong><\/span><\/p>\n<p><span class=\"text longtext\" style=\"color: #000000\"><strong>Organisation: <\/strong><span style=\"color: #808080\">Zaal Andronikashvili (ZfL), Isabel Jacobs (CEREES, QMUL), Martin K\u00fcpper (Kiel), and Matthias Schwartz (ZfL)<\/span><\/span><\/p>\n<p>Evald Ilyenkov (1924\u20131979) was one of the most important philosophers of the Soviet era. His philosophical interests included, among others, dialectics and logic, political economy, psychology, cosmology, cybernetics, aesthetics, pedagogy, subjectivity, and personhood. He is particularly known as the philosophical representative of cultural-historical activity theory in Soviet psychology. As a teacher, Ilyenkov aimed to teach his students <em>how<\/em> (and not what) to think, arguing for a holistic approach that resisted automatization and unquestioned tenets. Long after the demise of the Soviet Union, his radical approach keeps on shaping educational and psychological orientations worldwide.<\/p>\n<p>On the occasion of his centenary we plan an international conference in Berlin that critically reassesses and reflects on Ilyenkov\u2019s legacy. We believe that Ilyenkov\u2019s ideas are prescient to contemporary debates on culture, society, education, and science; for example the dangers posed by quantification, artificial intelligence, and unrestrained capital accumulation. At the conference, we want to focus on a central concern in his work: the concept of the ideal. What are ideals? What is the relation of the ideal to images and imagination? What are the radical and utopian potentialities of the ideal today? And what place does the ideal hold in materialist dialectics?<\/p>\n<p>Ilyenkov developed images of the ideal not only in his works on the history of dialectics (Spinoza, Hegel and Marx\/Engels) but also in the context of different fields of knowledge. One of the best-known texts by Ilyenkov during his lifetime was \u201cIdeal\u2019noe\u201d (1962) in the <em>Soviet Encyclopedia of Philosophy<\/em>. In this influential article, Ilyenkov revised the problem of \u201cideality\u201d along the lines of a dialectics which integrated the heritage of Hegel and Spinoza into Marxism-Leninism. Ilyenkov did not understand ideals in terms of mere abstractions, but as concrete relations. Emphasizing the concept of the ideal amounted to a scandalous attempt of revising not only the task of philosophy in Marxism-Leninism but of cognition as such. For Ilyenkov, philosophy was a critical inquiry into thinking and its development. The conceptual turn he suggested could be described as the groundwork of a functional materialism of processes, interactions, and social interrelations.<\/p>\n<p>Ilyenkov\u2019s work amounted to a defense of the place of philosophy in a communist society and cosmos. His conception of thinking was linked to the enactive engagement between the individual and its environment, especially in social terms. Ilyenkov tried to develop images of the ideal in different realms, such as psychology, education, and science. His work on Marx\u2019s dialectical method received wide-spread attention in the 1960s, when Ilyenkov also engaged with so-called Western Marxism. Dialectics for Ilyenkov was a way to grasp processes of <em>idealization<\/em>, from perception and imagination to scientific modelling and cybernetics. In his book <em>Idols and Ideals<\/em> (1968), Ilyenkov engaged with the general public in a more popular way; he questioned one-sided hopes in Soviet society to build up a communist society by way of merely technological progress.<\/p>\n<p>Our centenary workshop invites participants to analyze Ilyenkov\u2019s philosophical work from a global and transdisciplinary perspective, situating his legacy within contemporary debates. We also welcome creative interventions, including film and performance. Our focus lies on <strong>images of the ideal<\/strong> in Ilyenkov\u2019s work with regards to cognition in different fields.<\/p>\n<p>We aim to structure our conference along four main clusters:<\/p>\n<ol>\n<li>Cognition and Psychology<\/li>\n<li>Epistemology and Technology<\/li>\n<li>The Social and the Aesthetic<\/li>\n<li>Materialism and Cosmology<\/li>\n<\/ol>\n<p>Possible topics include:<\/p>\n<ul>\n<li>Ideality between reduction and visualization<\/li>\n<li>Ideals in philosophy, science, and society<\/li>\n<li>Relations between knowledge and activity<\/li>\n<li>Ilyenkov and recent epistemology and philosophy of science<\/li>\n<li>Ilyenkov and recent interpretations of Spinoza, Hegel, Marx, et al.<\/li>\n<li>Aesthetics and the philosophy of culture<\/li>\n<li>Universalism, emancipation, and radical politics<\/li>\n<li>Socialist culture and communist ideals<\/li>\n<li>Dialectical critiques of modernism, positivism, and capitalism<\/li>\n<li>Ilyenkov and new materialisms<\/li>\n<li>Cybernetics, technology, and AI<\/li>\n<li>Dialectics and relational logic, systems and network theory<\/li>\n<li>Learning, care, disability studies, and pedagogy<\/li>\n<li>Ilyenkov\u2019s theory of personhood and individuality<\/li>\n<li>Enactivism and embodied cognition<\/li>\n<li>Ecosocialism and the Anthropocene<\/li>\n<li>Ilyenkov and Science Fiction<\/li>\n<li>Global reception of Soviet Marxism, East-West relations, and the Cold War<\/li>\n<li>Marxism-Leninism and the Global South in the 20th and 21st century<\/li>\n<li>Ilyenkov in dialogue with other thinkers (e.g. Vygotsky, Luk\u00e1cs, Lifshitz, Mamardashvili, Koj\u00e8ve, Kos\u00edk, \u017di\u017eek, Deleuze)<\/li>\n<\/ul>\n<p><strong>Organizers<\/strong><\/p>\n<p>Isabel Jacobs is a PhD candidate at the University of London, specializing in Soviet and French philosophy.<\/p>\n<p>Martin K\u00fcpper is a PhD candidate at Kiel University and a researcher at Babes-Bolyai University (Cluj-Napoca), specializing in the history of materialism, dialectics and philosophy in the GDR.<\/p>\n<p>Matthias Schwartz is co-coordinator of the program area World Literature at the ZfL, specializing in Soviet and post-Soviet literature and culture.<\/p>\n<p>Zaal Andronikashvili is a research fellow at the ZfL, specializing in Soviet and post-Soviet cultural history.<\/p>\n<p><strong>Schedule<\/strong><\/p>\n<p>15 January 2024: Deadline for Proposals (abstract and short bio; max. 400 words in total)<\/p>\n<p>15 February 2024: Notification of all applicants<\/p>\n<p><strong>Contact Info<\/strong><\/p>\n<p>For any questions or suggestions, please feel free to get in touch with us.<\/p>\n<p>Isabel Jacobs, <a href=\"mailto:i.jacobs@qmul.ac.uk\">i.jacobs@qmul.ac.uk<\/a><br \/>\nMartin K\u00fcpper, <a href=\"mailto:makuepper@icloud.com\">makuepper@icloud.com<\/a><\/p>\n<\/div>\n<hr \/>\n<p><img loading=\"lazy\" decoding=\"async\" class=\"wp-image-247 alignleft\" src=\"https:\/\/projects.history.qmul.ac.uk\/cerees\/wp-content\/uploads\/sites\/45\/2023\/07\/cropped-Logo-e1689683242419-300x47.jpg\" alt=\"\" width=\"466\" height=\"73\" srcset=\"https:\/\/projects.history.qmul.ac.uk\/cerees\/wp-content\/uploads\/sites\/45\/2023\/07\/cropped-Logo-e1689683242419-300x47.jpg 300w, https:\/\/projects.history.qmul.ac.uk\/cerees\/wp-content\/uploads\/sites\/45\/2023\/07\/cropped-Logo-e1689683242419.jpg 580w\" sizes=\"auto, (max-width: 466px) 100vw, 466px\" \/><\/p>\n<h2><span style=\"color: #000080\">Shape the Conversation<\/span><\/h2>\n<p><span style=\"color: #808080\">To join our mailing list, participate in our programme of events, or find out how we can support your research, please contact <a href=\"mailto:hss-cerees@qmul.ac.uk\">hss-cerees@qmul.ac.uk<\/a><\/span><\/p>\n<p>&nbsp;<\/p>\n<h4 style=\"text-align: center\"><a href=\"mailto:hss-cerees@qmul.ac.uk\"><span style=\"color: #000080\">Pitch a new CEREES Group<\/span><\/a><span style=\"color: #000080\"> \u00a0\/ \u00a0<a style=\"color: #000080\" href=\"mailto:hss-cerees@qmul.ac.uk\">Pitch a new CEREES Screening<\/a> \u00a0\/ \u00a0<\/span><a href=\"mailto:hss-cerees@qmul.ac.uk\"><span style=\"color: #000080\">Pitch a new CEREES Collaboration<\/span><\/a><\/h4>\n","protected":false},"excerpt":{"rendered":"<p>&nbsp; Images of the Ideal. Evald Ilyenkov at 100 &nbsp; International conference, May 16\u201317, 2024,\u00a0 Venue: Leibniz-Zentrum f\u00fcr Literatur- und Kulturforschung Organisation: Zaal Andronikashvili (ZfL), Isabel Jacobs (CEREES, QMUL), Martin K\u00fcpper (Kiel), and Matthias Schwartz (ZfL) Evald Ilyenkov (1924\u20131979) was one of the most important philosophers of the Soviet era. His philosophical interests included, among [&#8230;] <a class=\"read-more\" href=\"https:\/\/projects.history.qmul.ac.uk\/cerees\/cerees-collaborations\/\">Read More<\/a><\/p>\n","protected":false},"author":217,"featured_media":0,"parent":0,"menu_order":0,"comment_status":"closed","ping_status":"closed","template":"","meta":{"_acf_changed":false,"footnotes":""},"class_list":["post-1556","page","type-page","status-publish","hentry"],"acf":[],"_links":{"self":[{"href":"https:\/\/projects.history.qmul.ac.uk\/cerees\/wp-json\/wp\/v2\/pages\/1556","targetHints":{"allow":["GET"]}}],"collection":[{"href":"https:\/\/projects.history.qmul.ac.uk\/cerees\/wp-json\/wp\/v2\/pages"}],"about":[{"href":"https:\/\/projects.history.qmul.ac.uk\/cerees\/wp-json\/wp\/v2\/types\/page"}],"author":[{"embeddable":true,"href":"https:\/\/projects.history.qmul.ac.uk\/cerees\/wp-json\/wp\/v2\/users\/217"}],"replies":[{"embeddable":true,"href":"https:\/\/projects.history.qmul.ac.uk\/cerees\/wp-json\/wp\/v2\/comments?post=1556"}],"version-history":[{"count":16,"href":"https:\/\/projects.history.qmul.ac.uk\/cerees\/wp-json\/wp\/v2\/pages\/1556\/revisions"}],"predecessor-version":[{"id":1573,"href":"https:\/\/projects.history.qmul.ac.uk\/cerees\/wp-json\/wp\/v2\/pages\/1556\/revisions\/1573"}],"wp:attachment":[{"href":"https:\/\/projects.history.qmul.ac.uk\/cerees\/wp-json\/wp\/v2\/media?parent=1556"}],"curies":[{"name":"wp","href":"https:\/\/api.w.org\/{rel}","templated":true}]}}